4477?
False
Does 1698 divide 27996488?
False
Does 240 divide 916226880?
True
Is 789640 a multiple of 42?
False
Is 1745097113 a multiple of 138?
False
Is 13 a factor of 46467899?
False
Is 801693623 a multiple of 12?
False
Does 80 divide 957520?
True
Is 2751351 a multiple of 110?
False
Is 21 a factor of 393515828?
False
Does 116 divide 51454468?
True
Is 61 a factor of 462182035?
False
Does 979 divide 24437316?
False
Is 206 a factor of 31091401?
False
Is 1081804732 a multiple of 15?
False
Is 797 a factor of 1306465513?
True
Does 4 divide 48571348?
True
Is 465 a factor of 2574240?
True
Does 48 divide 13014752?
False
Does 13 divide 28732795?
True
Is 46 a factor of 86711432?
False
Is 3263333 a multiple of 8?
False
Does 51 divide 29586834?
True
Is 62 a factor of 266233828?
True
Is 3 a factor of 117997589?
False
Is 514659266 a multiple of 14?
False
Is 129879925 a multiple of 89?
True
Does 40 divide 35982473?
False
Is 47930142 a multiple of 2951?
True
Is 314272026 a multiple of 91?
False
Is 3 a factor of 103538?
False
Is 1190 a factor of 3966205740?
True
Is 60 a factor of 75095460?
True
Is 246024471 a multiple of 7?
True
Does 20 divide 272643300?
True
Is 55 a factor of 605631141?
False
Does 50 divide 22343072?
False
Is 96 a factor of 6833760?
True
Is 5 a factor of 440662880?
True
Does 130 divide 402392900?
True
Is 347065342 a multiple of 26?
True
Does 73 divide 4559941?
False
Is 306 a factor of 10034974?
False
Does 626 divide 37123678?
True
Is 101088200 a multiple of 1160?
True
Is 918 a factor of 420080472?
True
Is 6 a factor of 141849864?
True
Does 17 divide 9773334?
True
Is 248254182 a multiple of 2421?
True
Is 3758 a factor of 1858163034?
False
Is 3602 a factor of 28412576?
True
Is 14977122 a multiple of 970?
False
Is 20920217 a multiple of 182?
False
Is 333037740 a multiple of 60?
True
Is 680 a factor of 27049040?
True
Does 735 divide 18861570?
True
Does 6776 divide 1469938008?
True
Is 29079693 a multiple of 10?
False
Is 50176588 a multiple of 814?
True
Is 1194489576 a multiple of 168?
True
Does 7 divide 45969189?
True
Does 191 divide 94307396?
True
Is 273626144 a multiple of 3586?
True
Is 5093 a factor of 1851602022?
False
Is 416 a factor of 80271776?
True
Is 4 a factor of 13061452?
True
Is 11 a factor of 1653189308?
False
Is 1477 a factor of 63199353?
True
Is 2538 a factor of 4947782880?
False
Does 824 divide 438510325?
False
Does 595 divide 105040705?
True
Is 46562654 a multiple of 25?
False
Does 19 divide 86308013?
True
Is 548 a factor of 38096960?
True
Is 1144 a factor of 1055032343?
False
Does 8 divide 3198659?
False
Does 25 divide 295828375?
True
Is 155234069 a multiple of 677?
True
Is 326535097 a multiple of 30?
False
Does 1216 divide 886764352?
True
Is 1414 a factor of 38118612?
True
Is 20 a factor of 335933843?
False
Is 311628553 a multiple of 1058?
False
Does 92 divide 320186343?
False
Is 14938126 a multiple of 12?
False
Does 49 divide 1189911091?
False
Is 2105455950 a multiple of 30?
True
Does 8 divide 396960664?
True
Is 4647270 a multiple of 9?
False
Does 32 divide 361129608?
False
Is 98 a factor of 570214270?
False
Does 2275 divide 29269428?
False
Does 88 divide 56852156?
False
Does 1110 divide 588208980?
True
Is 5558946 a multiple of 394?
True
Is 11627402 a multiple of 25?
False
Is 64289984 a multiple of 32?
True
Is 1443 a factor of 50373829?
False
Is 173108930 a multiple of 10?
True
Does 529 divide 1652499333?
False
Is 1218727180 a multiple of 10?
True
Does 182 divide 86780592?
False
Is 23363006 a multiple of 93?
False
Is 1141063800 a multiple of 51?
True
Is 294 a factor of 98566734?
True
Does 5 divide 6679260?
True
Is 15499433 a multiple of 73?
True
Is 30 a factor of 47488950?
True
Is 946 a factor of 13577215?
False
Is 50331891 a multiple of 48?
False
Is 35392896 a multiple of 627?
True
Does 25 divide 53816775?
True
Is 1353924963 a multiple of 57?
False
Is 607 a factor of 79134590?
True
Is 154263150 a multiple of 50?
True
Is 10 a factor of 2882087331?
False
Is 17 a factor of 3083872420?
True
Does 297 divide 10195295?
False
Is 571 a factor of 42823858?
True
Is 4 a factor of 45147596?
True
Is 112228193 a multiple of 7?
True
Is 717 a factor of 134568523?
False
Is 37 a factor of 13914368?
True
Does 197 divide 2713481?
False
Does 11 divide 101239641?
False
Is 124 a factor of 28660864?
True
Is 26 a factor of 111255508?
True
Is 43 a factor of 69048113?
False
Is 2 a factor of 171063000?
True
Does 13 divide 453131510?
True
Does 5 divide 68730895?
True
Is 2001 a factor of 31080862?
False
Does 1086 divide 2149701?
False
Is 47 a factor of 30621955?
False
Is 22 a factor of 151177752?
True
Is 2411 a factor of 1287076185?
True
Is 679793790 a multiple of 10?
True
Is 6 a factor of 111917460?
True
Does 54 divide 13864230?
True
Is 35 a factor of 4422496?
False
Does 174 divide 42384312?
True
Is 2108 a factor of 491473876?
True
Is 3 a factor of 134213802?
True
Is 92 a factor of 1362432232?
True
Is 19002408 a multiple of 22?
False
Is 13 a factor of 7406256?
True
Is 2024 a factor of 80299001?
False
Is 3318 a factor of 53725056?
True
Is 323210990 a multiple of 103?
False
Does 30 divide 260982420?
True
Does 6 divide 696774006?
True
Does 21 divide 38596866?
True
Is 31 a factor of 283495678?
False
Does 5707 divide 3124282057?
False
Does 17 divide 459666585?
False
Does 59 divide 102538165?
True
Does 1663 divide 246726142?
False
Does 27 divide 233248788?
True
Is 4681944288 a multiple of 756?
True
Does 336 divide 12779576?
False
Is 214 a factor of 285028098?
True
Is 24664644 a multiple of 1332?
True
Is 24389508 a multiple of 244?
True
Is 4032023 a multiple of 2?
False
Does 249 divide 36775594?
False
Is 69 a factor of 822666097?
False
Does 80 divide 55701240?
False
Is 72223031 a multiple of 83?
True
Does 3754 divide 104837958?
True
Is 9184395 a multiple of 55?
True
Does 128 divide 1892581?
False
Is 390 a factor of 57021506?
False
Is 434360338 a multiple of 219?
False
Does 3 divide 10708?
False
Is 25605396 a multiple of 54?
True
Is 129 a factor of 873774314?
False
Is 524287852 a multiple of 347?
True
Does 134 divide 20811004?
True
Is 4105685 a multiple of 2?
False
Is 217704830 a multiple of 3730?
False
Is 137 a factor of 1559708695?
True
Is 178 a factor of 1139469165?
False
Does 1821 divide 3300642?
False
Is 142 a factor of 101992778?
True
Is 106 a factor of 50414763?
False
Does 137 divide 229138092?
False
Is 12 a factor of 94239648?
True
Is 24 a factor of 4716323568?
True
Is 47 a factor of 114348603?
True
Is 16 a factor of 46730270?
False
Is 50 a factor of 18262944?
False
Is 207715655 a multiple of 9?
False
Is 28278930 a multiple of 4155?
True
Is 311547595 a multiple of 6?
False
Is 197 a factor of 17751027?
False
Is 319716145 a multiple of 7?
True
Is 152604467 a multiple of 463?
False
Is 10193662 a multiple of 454?
True
Is 88576410 a multiple of 642?
False
Is 33913203 a multiple of 9?
False
Is 452 a factor of 108950631?
False
Is 1224779290 a multiple of 1017?
False
Does 624 divide 14166463?
False
Is 103818638 a multiple of 3661?
True
Does 110 divide 187885170?
True
Is 388019136 a multiple of 11?
False
Is 781 a factor of 2364847932?
False
Does 10 divide 59309091?
False
Is 83693616 a multiple of 26?
False
Does 89 divide 268173487?
False
Does 107 divide 121861230?
True
Is 1891296564 a multiple of 17?
False
Does 41 divide 5447465?
True
Does 177 divide 44171589?
True
Is 7485600 a multiple of 120?
True
Does 18 divide 105755269?
False
Does 4 divide 482601216?
True
Is 862342 a multiple of 221?
True
Is 793922920 a multiple of 70?
True
Is 4 a factor of 29397110?
False
Is 3048150 a multiple of 30?
True
Is 12646901 a multiple of 824?
False
Does 9 divide 105923943?
True
Is 32 a factor of 116898202?
False
Does 69 divide 165446943?
False
Is 20 a factor of 17894414?
False
Is 6 a factor of 52516266?
True
Is 21083358 a multiple of 6?
True
Does 6 divide 1370921988?
True
Does 788 divide 1786974?
False
Is 22227533 a multiple of 88?
False
Is 34172352 a multiple of 1447?
True
Is 396257908 a multiple of 1615?
False
Does 26 divide 31705533?
False
Is 44 a factor of 2159679060?
True
Is 1217391360 a multiple of 30?
True
Does 1454 divide 199103490?
True
Is 66168960 a multiple of 2288?
True
Is 236395256 a multiple of 132?
False
Does 8 divide 151342456?
True
Is 31 a factor of 106261862?
